{"id":15,"date":"2026-04-27T22:03:59","date_gmt":"2026-04-27T20:03:59","guid":{"rendered":"http:\/\/iskwtlu.cluster100.hosting.ovh.net\/?page_id=15"},"modified":"2026-04-28T13:40:58","modified_gmt":"2026-04-28T11:40:58","slug":"en-construction","status":"publish","type":"page","link":"https:\/\/comkiller.fr\/","title":{"rendered":"En construction"},"content":{"rendered":"<section class=\"bde-section-15-100 bde-section\">\n  \n  \n\t\n\n\n\n<div class=\"section-container\"><div class=\"bde-div-15-101 bde-div\">\n  \n  \n\t\n\n\n\n<div class=\"bde-div-15-102 bde-div\">\n  \n  \n\t\n\n\n\n\n<\/div><div class=\"bde-div-15-103 bde-div\">\n  \n  \n\t\n\n\n\n\n<\/div><div class=\"bde-div-15-104 bde-div\">\n  \n  \n\t\n\n\n\n\n<\/div><div class=\"bde-div-15-105 bde-div\">\n  \n  \n\t\n\n\n\n\n<\/div><div class=\"bde-div-15-106 bde-div\">\n  \n  \n\t\n\n\n\n\n<\/div><div class=\"bde-div-15-107 bde-div\">\n  \n  \n\t\n\n\n\n\n<\/div><div class=\"bde-div-15-108 bde-div\">\n  \n  \n\t\n\n\n\n\n<\/div><div class=\"bde-div-15-109 bde-div\">\n  \n  \n\t\n\n\n\n\n<\/div>\n<\/div><div class=\"bde-div-15-110 bde-div\">\n  \n  \n\t\n\n\n\n<div class=\"bde-grid-15-111 bde-grid\">\n  \n  \n\t\n\n\n\n<div class=\"bde-div-15-112 bde-div\">\n  \n  \n\t\n\n\n\n<img decoding=\"async\" class=\"bde-image2-15-113 bde-image2\" src=\"https:\/\/comkiller.fr\/wp-content\/uploads\/2026\/04\/Coming-soon1.svg\" loading=\"lazy\" data-entrance=\"slideUp\">\n<\/div><div class=\"bde-div-15-122 bde-div\">\n  \n  \n\t\n\n\n\n<div class=\"bde-div-15-116 bde-div\">\n  \n  \n\t\n\n\n\n<div class=\"bde-div-15-117 bde-div\">\n  \n  \n\t\n\n\n\n<img decoding=\"async\" class=\"bde-image2-15-123 bde-image2\" src=\"https:\/\/comkiller.fr\/wp-content\/uploads\/2026\/04\/LOGO-COM-KILLER-FOND-CLAIR-e1777322707226.png\" loading=\"lazy\" srcset=\"https:\/\/comkiller.fr\/wp-content\/uploads\/2026\/04\/LOGO-COM-KILLER-FOND-CLAIR-e1777322707226.png 867w, https:\/\/comkiller.fr\/wp-content\/uploads\/2026\/04\/LOGO-COM-KILLER-FOND-CLAIR-e1777322707226-300x43.png 300w, https:\/\/comkiller.fr\/wp-content\/uploads\/2026\/04\/LOGO-COM-KILLER-FOND-CLAIR-e1777322707226-768x109.png 768w\" sizes=\"(max-width: 867px) 100vw, 867px\"><div class=\"bde-text-15-118 bde-text\">\nBient\u00f4t, un nouvel \u00e9lan pour votre communication \u00e0 Valence. Je pr\u00e9pare un univers o\u00f9 votre talent est la priorit\u00e9. Com'Killer arrive pour vous faire rayonner. On se voit tr\u00e8s vite ?\n<\/div><div class=\"bde-social-icons-15-119 bde-social-icons\">\n                  \n            \n            \n\n    \n    \n    \n    \n    \n    <a class=\"breakdance-link bde-social-icons__icon-wrapper bde-social-icons__icon-instagram\" href=\"https:\/\/www.instagram.com\/cindy.girerd?fbclid=IwY2xjawRcrstleHRuA2FlbQIxMABicmlkETFpWFRaRHNidEFhQWxQOEUxc3J0YwZhcHBfaWQQMjIyMDM5MTc4ODIwMDg5MgABHoEs4vpEtAyMHITTMJqvNGN0u2y7wsNbK0C5q_VDrLW9ibhUvg3r3iDPZMYY_aem_snXX0arPIAfwx9Ihg1OKeg\" target=\"_blank\" data-type=\"url\" aria-label=\"instagram\" >\n\n             <svg xmlns=\"http:\/\/www.w3.org\/2000\/svg\" width=\"100%\" viewBox=\"0 0 24 24\">\n            <path d=\"M12 2.163c3.204 0 3.584.012 4.85.07 3.252.148 4.771 1.691 4.919 4.919.058 1.265.069 1.645.069 4.849 0 3.205-.012 3.584-.069 4.849-.149 3.225-1.664 4.771-4.919 4.919-1.266.058-1.644.07-4.85.07-3.204 0-3.584-.012-4.849-.07-3.26-.149-4.771-1.699-4.919-4.92-.058-1.265-.07-1.644-.07-4.849 0-3.204.013-3.583.07-4.849.149-3.227 1.664-4.771 4.919-4.919 1.266-.057 1.645-.069 4.849-.069zm0-2.163c-3.259 0-3.667.014-4.947.072-4.358.2-6.78 2.618-6.98 6.98-.059 1.281-.073 1.689-.073 4.948 0 3.259.014 3.668.072 4.948.2 4.358 2.618 6.78 6.98 6.98 1.281.058 1.689.072 4.948.072 3.259 0 3.668-.014 4.948-.072 4.354-.2 6.782-2.618 6.979-6.98.059-1.28.073-1.689.073-4.948 0-3.259-.014-3.667-.072-4.947-.196-4.354-2.617-6.78-6.979-6.98-1.281-.059-1.69-.073-4.949-.073zm0 5.838c-3.403 0-6.162 2.759-6.162 6.162s2.759 6.163 6.162 6.163 6.162-2.759 6.162-6.163c0-3.403-2.759-6.162-6.162-6.162zm0 10.162c-2.209 0-4-1.79-4-4 0-2.209 1.791-4 4-4s4 1.791 4 4c0 2.21-1.791 4-4 4zm6.406-11.845c-.796 0-1.441.645-1.441 1.44s.645 1.44 1.441 1.44c.795 0 1.439-.645 1.439-1.44s-.644-1.44-1.439-1.44z\"\/>\n       <\/svg>\n              <\/a>\n\n                    \n            \n            \n\n    \n    \n    \n    \n    \n    <a class=\"breakdance-link bde-social-icons__icon-wrapper bde-social-icons__icon-facebook\" href=\"https:\/\/www.facebook.com\/cindy.girerd\" target=\"_blank\" data-type=\"url\" aria-label=\"facebook\" >\n\n             <svg xmlns=\"http:\/\/www.w3.org\/2000\/svg\" width=\"100%\" viewBox=\"0 0 24 24\">\n            <path d=\"M9 8h-3v4h3v12h5v-12h3.642l.358-4h-4v-1.667c0-.955.192-1.333 1.115-1.333h2.885v-5h-3.808c-3.596 0-5.192 1.583-5.192 4.615v3.385z\"\/>\n       <\/svg>\n              <\/a>\n\n    \n<\/div>\n<\/div>\n<\/div>\n<\/div>\n<\/div><img decoding=\"async\" class=\"bde-image2-15-121 bde-image2\" src=\"https:\/\/comkiller.fr\/wp-content\/uploads\/2026\/04\/MR_260305_CINDY_COM_KILLER_@MELRIOPHOTO-107.webp\" loading=\"lazy\" srcset=\"https:\/\/comkiller.fr\/wp-content\/uploads\/2026\/04\/MR_260305_CINDY_COM_KILLER_@MELRIOPHOTO-107.webp 1599w, https:\/\/comkiller.fr\/wp-content\/uploads\/2026\/04\/MR_260305_CINDY_COM_KILLER_@MELRIOPHOTO-107-240x300.webp 240w, https:\/\/comkiller.fr\/wp-content\/uploads\/2026\/04\/MR_260305_CINDY_COM_KILLER_@MELRIOPHOTO-107-819x1024.webp 819w, https:\/\/comkiller.fr\/wp-content\/uploads\/2026\/04\/MR_260305_CINDY_COM_KILLER_@MELRIOPHOTO-107-768x961.webp 768w, https:\/\/comkiller.fr\/wp-content\/uploads\/2026\/04\/MR_260305_CINDY_COM_KILLER_@MELRIOPHOTO-107-1228x1536.webp 1228w\" sizes=\"(max-width: 1599px) 100vw, 1599px\" data-entrance=\"fade\">\n<\/div><\/div>\n<\/section>","protected":false},"excerpt":{"rendered":"<p>Bient\u00f4t, un nouvel \u00e9lan pour votre communication \u00e0 Valence. Je pr\u00e9pare un univers o\u00f9 votre talent est la priorit\u00e9. Com&rsquo;Killer arrive pour vous faire rayonner. On se voit tr\u00e8s vite ?<\/p>\n","protected":false},"author":1,"featured_media":0,"parent":0,"menu_order":0,"comment_status":"closed","ping_status":"closed","template":"","meta":{"_breakdance_hide_in_design_set":false,"_breakdance_tags":"","footnotes":""},"class_list":["post-15","page","type-page","status-publish","hentry"],"_links":{"self":[{"href":"https:\/\/comkiller.fr\/index.php\/wp-json\/wp\/v2\/pages\/15","targetHints":{"allow":["GET"]}}],"collection":[{"href":"https:\/\/comkiller.fr\/index.php\/wp-json\/wp\/v2\/pages"}],"about":[{"href":"https:\/\/comkiller.fr\/index.php\/wp-json\/wp\/v2\/types\/page"}],"author":[{"embeddable":true,"href":"https:\/\/comkiller.fr\/index.php\/wp-json\/wp\/v2\/users\/1"}],"replies":[{"embeddable":true,"href":"https:\/\/comkiller.fr\/index.php\/wp-json\/wp\/v2\/comments?post=15"}],"version-history":[{"count":28,"href":"https:\/\/comkiller.fr\/index.php\/wp-json\/wp\/v2\/pages\/15\/revisions"}],"predecessor-version":[{"id":61,"href":"https:\/\/comkiller.fr\/index.php\/wp-json\/wp\/v2\/pages\/15\/revisions\/61"}],"wp:attachment":[{"href":"https:\/\/comkiller.fr\/index.php\/wp-json\/wp\/v2\/media?parent=15"}],"curies":[{"name":"wp","href":"https:\/\/api.w.org\/{rel}","templated":true}]}}